rue
Is 96499419 a multiple of 21?
False
Is 477 a factor of 44381988?
True
Is 50 a factor of 30922556?
False
Is 4323296464 a multiple of 6892?
True
Is 8 a factor of 1281435624?
True
Does 270 divide 67291830?
True
Is 333 a factor of 6111882?
True
Does 6229 divide 59946841?
False
Is 441926430 a multiple of 5170?
True
Does 11 divide 22932217?
True
Is 26 a factor of 37369436?
True
Does 24 divide 15783600?
True
Does 56 divide 45185056?
True
Does 117 divide 33308332?
False
Is 632379333 a multiple of 7?
False
Does 1623 divide 105852605?
False
Is 15158326 a multiple of 2?
True
Does 730 divide 629140280?
True
Does 354 divide 131589942?
True
Is 22 a factor of 1263869075?
False
Is 1356 a factor of 93709092?
True
Does 9980 divide 8110027440?
True
Is 1364 a factor of 563430208?
True
Is 235572 a multiple of 331?
False
Does 387 divide 28285443?
True
Is 54191448 a multiple of 12?
True
Is 90 a factor of 148497030?
True
Does 650 divide 184037890?
False
Is 213 a factor of 77694220?
False
Is 51842126 a multiple of 394?
True
Does 112 divide 38966480?
True
Is 115218400 a multiple of 24?
False
Does 475 divide 24848843?
False
Is 7808073 a multiple of 53?
False
Is 88011042 a multiple of 1448?
False
Is 134231847 a multiple of 190?
False
Does 86 divide 45833356?
True
Does 71 divide 5930321?
False
Is 21 a factor of 2329304?
False
Is 40715290 a multiple of 506?
True
Does 2220 divide 937426080?
True
Does 1209 divide 97892136?
False
Is 1551 a factor of 166537447?
False
Does 5 divide 59838970?
True
Is 48285571 a multiple of 313?
True
Does 66 divide 944592660?
True
Does 23 divide 4066769042?
False
Is 86146776 a multiple of 24?
True
Does 757 divide 260592055?
False
Is 7894 a factor of 2816066090?
True
Is 3516 a factor of 115427485?
False
Is 34581067 a multiple of 1887?
False
Is 2437 a factor of 1474621389?
True
Is 445 a factor of 15968380?
True
Is 2734091190 a multiple of 9330?
True
Is 2599442714 a multiple of 6407?
False
Is 19378982 a multiple of 86?
True
Is 35797855 a multiple of 985?
True
Does 36 divide 8808029?
False
Is 18256284 a multiple of 57?
False
Is 210473255 a multiple of 4?
False
Is 207042142 a multiple of 643?
True
Is 24142593 a multiple of 326?
False
Is 95380996 a multiple of 3?
False
Is 196 a factor of 213023188?
True
Does 308 divide 533970360?
True
Does 13 divide 104437814?
True
Is 47578323 a multiple of 201?
False
Does 240 divide 8403600?
True
Does 266 divide 198575916?
True
Does 94 divide 46489257?
False
Does 177 divide 14278236?
True
Does 6199 divide 770087458?
False
Does 736 divide 9785120?
True
Is 3637170 a multiple of 8?
False
Does 9 divide 3760362?
True
Does 113 divide 13523501?
True
Does 95 divide 585306808?
False
Does 351 divide 141135324?
False
Does 23 divide 29857105?
True
Is 317 a factor of 251164172?
True
Does 75 divide 90667275?
True
Is 52671424 a multiple of 1534?
True
Is 26470236 a multiple of 8?
False
Does 139 divide 660485188?
True
Is 784759880 a multiple of 56?
False
Is 41 a factor of 848192571?
False
Is 1985449789 a multiple of 34?
False
Does 230 divide 430510550?
True
Is 3289077888 a multiple of 1416?
False
Is 3961308 a multiple of 26?
True
Is 20098972 a multiple of 982?
False
Does 91 divide 18194803?
False
Does 86 divide 44411470?
False
Is 38201282 a multiple of 14?
True
Is 891 a factor of 1085026833?
True
Does 5 divide 17240458?
False
Is 2123063566 a multiple of 182?
False
Is 1086 a factor of 1047752496?
False
Is 6 a factor of 761591919?
False
Is 169 a factor of 85742649?
False
Is 2 a factor of 5892664?
True
Is 1316165 a multiple of 2?
False
Is 236771178 a multiple of 768?
False
Is 143 a factor of 889996107?
True
Does 1543 divide 67978402?
False
Does 780 divide 1102406760?
True
Is 1286894325 a multiple of 6?
False
Is 3068 a factor of 119483260?
True
Does 117 divide 27966283?
False
Is 88030187 a multiple of 42?
False
Is 2295846 even?
True
Is 506 a factor of 233671417?
False
Is 57819888 a multiple of 72?
True
Is 15 a factor of 162814680?
True
Is 8008120 a multiple of 41?
True
Does 24 divide 7319776?
False
Is 22 a factor of 47534740?
True
Is 25674300 a multiple of 180?
True
Is 401 a factor of 105260827?
False
Does 201 divide 36662400?
True
Is 79 a factor of 76370090?
True
Is 16 a factor of 1303396057?
False
Is 116 a factor of 453309879?
False
Is 948598725 a multiple of 15?
True
Does 43 divide 78102998?
False
Is 473 a factor of 94174300?
True
Is 2 a factor of 75326793?
False
Is 298 a factor of 1880605778?
False
Does 156 divide 49499424?
True
Is 93345542 a multiple of 20?
False
Is 814886920 a multiple of 10?
True
Is 41 a factor of 246445914?
False
Does 458 divide 1097756384?
True
Is 59483072 a multiple of 44?
True
Is 1849961 a multiple of 2?
False
Does 3012 divide 149807772?
False
Is 318936992 a multiple of 202?
True
Is 945256 a multiple of 22?
False
Is 537558566 a multiple of 113?
False
Is 256226361 a multiple of 918?
False
Is 548 a factor of 678355500?
True
Is 4624 a factor of 137383664?
True
Is 15 a factor of 30723960?
True
Does 71 divide 2790334?
False
Is 185 a factor of 298788960?
False
Is 530443 a multiple of 27?
False
Is 25752670 a multiple of 427?
False
Is 18199551 a multiple of 11?
False
Is 8740935 a multiple of 9?
True
Does 232 divide 80925625?
False
Is 1647343552 a multiple of 3904?
True
Does 93 divide 1968438?
True
Is 959401705 a multiple of 4235?
False
Is 27966292 a multiple of 528?
False
Is 241017594 a multiple of 183?
False
Is 7182660 a multiple of 3?
True
Is 334740434 a multiple of 41?
False
Does 300 divide 40560300?
True
Is 50997320 a multiple of 585?
False
Is 4773 a factor of 823848438?
True
Does 7 divide 33183390?
False
Is 11265931 a multiple of 11?
False
Is 271077375 a multiple of 215?
True
Is 1975718 a multiple of 353?
False
Is 142916851 a multiple of 217?
True
Is 129020107 a multiple of 18?
False
Is 3475309110 a multiple of 21?
True
Is 381 a factor of 220759384?
False
Does 8 divide 336923854?
False
Is 500500897 a multiple of 13?
True
Does 43 divide 52551977?
True
Does 351 divide 1008156240?
True
Is 514976940 a multiple of 81?
True
Is 406101098 a multiple of 20?
False
Is 75579419 even?
False
Does 1739 divide 151729884?
False
Is 5 a factor of 292810900?
True
Does 371 divide 1852150?
False
Is 59134610 a multiple of 230?
True
Is 536527522 a multiple of 9?
False
Does 67 divide 25365668?
False
Does 6 divide 13180818?
True
Is 15368542 a multiple of 37?
True
Does 5 divide 38801190?
True
Is 1333788773 a multiple of 115?
False
Is 7 a factor of 619777375?
True
Does 19 divide 28717140?
False
Is 282556959 a multiple of 29?
False
Is 268 a factor of 19632471?
False
Is 6 a factor of 42377230?
False
Does 793 divide 42426017?
False
Is 4524275 a multiple of 96?
False
Does 3 divide 3270993?
True
Does 23 divide 2929831?
False
Is 94841390 a multiple of 16?
False
Is 73 a factor of 5604137?
True
Is 13 a factor of 32778878?
False
Does 400 divide 1057927200?
True
Is 29 a factor of 1322975712?
False
Is 348309118 a multiple of 4?
False
Does 4762 divide 495665687?
False
Is 10814761 a multiple of 6?
False
Is 716 a factor of 6082324?
False
Does 6 divide 1341633304?
False
Does 1330 divide 30238137?
False
Is 367 a factor of 31429447?
False
Is 818 a factor of 866605560?
True
Is 2028 a factor of 5528245?
False
Is 3 a factor of 311479800?
True
Is 91 a factor of 1980524?
True
Is 5 a factor of 682550510?
True
Does 445 divide 259688205?
True
Does 55 divide 5139255?
True
Does 9 divide 18625914?
True
Is 326724039 a multiple of 39?
False
Is 11 a factor of 241606809?
False
Does 50 divide 40818329?
False
Is 101 a factor of 92320868?
True
Is 109 a factor of 202495496?
False
Does 292 divide 142397888?
True
Does 88 divide 171261200?
True
Is 666426813 a multiple of 181?
False
Is 21 a factor of 1362395378?
False
Is 2412983084 a multiple of 62?
True
Is 5 a factor of 52202919?
False
Is 80 a factor of 9499360?
True
Is 20 a factor of 515486060?
True
Is 9643438 a multiple of 20?
False
Does 108 divide 59402187?
False
Is 215 a factor of 204187435?
True
Does 20 divide 37422980?
True
Does 208 divide 403830402?
False
Is 128921620 a multiple of 20?
True
Is 43 a factor of 135478423?
True
Does 23 divide 475082575?
False
Is 42657619 a multiple of 18?
False
Is 609095652 a multiple of 132?
True
Does 451 divide 3057700705?
False
Is 1102 a factor of 563557066?
False
Is 5643456 a mult